base 4) to base 11.
-15352
-341013 (base 5) to base 4
-2323220
Convert 5021 (base 9) to base 16.
e50
What is 303b (base 13) in base 7?
25235
100010001 (base 3) to base 6
50431
What is -110000011 (base 2) in base 7?
-1062
Convert 336a (base 11) to base 13.
202c
-121221 (base 3) to base 9
-557
Convert -1302221 (base 4) to base 11.
-5570
What is -17b8 (base 14) in base 5?
-114103
Convert -2202 (base 6) to base 16.
-1fa
What is -516 (base 7) in base 2?
-100000010
What is -460 (base 8) in base 10?
-304
Convert 11aa (base 14) to base 8.
6022
82 (base 14) to base 13
8a
-1507 (base 9) to base 6
-5141
-20ad (base 14) to base 13
-274c
What is 2101301 (base 4) in base 13?
4328
What is 31175 (base 11) in base 12?
22381
What is -1a8a3 (base 13) in base 4?
-30230300
Convert 4b56 (base 12) to base 8.
20562
Convert 1147 (base 13) to base 15.
aba
What is -6a7 (base 12) in base 2?
-1111011111
Convert 4020 (base 5) to base 14.
286
Convert -1100011011 (base 2) to base 5.
-11140
What is 112b (base 16) in base 10?
4395
-268 (base 12) to base 8
-560
1803 (base 9) to base 15
620
24242 (base 5) to base 6
12234
341 (base 14) to base 15
2d0
Convert -28cb (base 14) to base 8.
-16103
-2757 (base 13) to base 9
-7666
What is 278 (base 9) in base 16?
e9
Convert -9824 (base 10) to base 6.
-113252
Convert -10011011101001101 (base 2) to base 16.
-1374d
Convert 509 (base 14) to base 10.
989
Convert -362 (base 8) to base 12.
-182
What is -22210 (base 3) in base 16?
-ed
-673 (base 12) to base 8
-1667
-12101 (base 3) to base 9
-171
What is -4034 (base 6) in base 13?
-532
Convert -1423201 (base 5) to base 8.
-72151
-1116 (base 11) to base 16
-5bd
Convert 4741 (base 14) to base 7.
51111
What is -1110111 (base 2) in base 16?
-77
What is -53 (base 16) in base 13?
-65
Convert 25032 (base 9) to base 16.
419c
Convert -121001 (base 3) to base 4.
-12301
b37e (base 15) to base 3
1221000102
265 (base 8) to base 3
20201
What is -d6 (base 15) in base 16?
-c9
7261 (base 8) to base 15
11ab
Convert 310011 (base 4) to base 15.
ec3
What is -145535 (base 6) in base 8?
-33643
What is 342134 (base 6) in base 12?
1494a
Convert -241 (base 12) to base 13.
-1cc
What is 3616 (base 11) in base 3?
20111102
2369 (base 14) to base 16
1819
Convert 38 (base 12) to base 5.
134
Convert -9bdd (base 15) to base 11.
-22923
Convert -1000001101000 (base 2) to base 12.
-2520
-a28 (base 11) to base 6
-5424
Convert -20021 (base 3) to base 7.
-331
What is 3533 (base 8) in base 16?
75b
Convert -a361 (base 11) to base 16.
-35ac
Convert -111010 (base 2) to base 3.
-2011
Convert 5365 (base 7) to base 16.
775
What is -4d7 (base 14) in base 16?
-3cd
What is 729 (base 10) in base 14?
3a1
10ba (base 14) to base 3
10222201
-196 (base 16) to base 8
-626
Convert 199e (base 15) to base 2.
1010110101101
54a5 (base 11) to base 10
7254
Convert 911 (base 10) to base 11.
759
Convert 2002 (base 4) to base 14.
94
What is 344330 (base 5) in base 6?
133413
102314 (base 5) to base 15
1059
4111 (base 5) to base 4
20103
What is -760 (base 11) in base 10?
-913
1000100111011010 (base 2) to base 5
2112130
39883 (base 10) to base 11
27a68
1014 (base 15) to base 8
6502
-131c9 (base 15) to base 7
-343215
-289 (base 14) to base 15
-243
-214 (base 6) to base 15
-57
What is 12734 (base 9) in base 12?
4ba1
246 (base 14) to base 9
554
Convert -ac (base 15) to base 10.
-162
1a95 (base 13) to base 16
fa9
24 (base 14) to base 5
112
36a (base 16) to base 3
1012101
20216 (base 7) to base 9
6658
What is 150112 (base 7) in base 13?
101aa
What is -12223 (base 4) in base 9?
-524
Convert 14624 (base 10) to base 13.
686c
Convert -99 (base 13) to base 8.
-176
What is 230 (base 8) in base 12?
108
-b8 (base 15) to base 13
-104
115 (base 9) to base 14
6b
What is 164e (base 15) in base 11?
3673
What is 69a (base 12) in base 8?
1726
Convert -20181 (base 9) to base 16.
-33dc
-8173 (base 15) to base 11
-19599
What is 2a9a3 (base 11) in base 9?
66060
-475 (base 8) to base 16
-13d
What is 8a92 (base 11) in base 15?
3824
What is e1 (base 16) in base 5?
1400
What is 109 (base 13) in base 7?
343
What is -22235 (base 7) in base 14?
-208c
Convert -197b (base 13) to base 8.
-7354
Convert 12414 (base 5) to base 6.
4320
What is 5056 (base 12) in base 15?
28a6
-204 (base 5) to base 9
-60
Convert -4263 (base 8) to base 4.
-202303
What is -15a (base 11) in base 7?
-354
2201 (base 4) to base 11
137
3031 (base 4) to base 11
177
Convert -116b (base 12) to base 11.
-1518
10c85 (base 14) to base 13
157c0
-124013 (base 5) to base 9
-6625
13313003 (base 4) to base 2
111110111000011
Convert -341 (base 10) to base 6.
-1325
What is 5c7 (base 13) in base 5?
13013
Convert -633 (base 9) to base 15.
-246
Convert -6d2 (base 16) to base 11.
-1348
What is -11a6 (base 12) in base 8?
-3716
Convert aa1 (base 12) to base 2.
11000011001
What is 1445 (base 11) in base 5?
24424
Convert -171 (base 9) to base 14.
-a5
382 (base 16) to base 12
62a
What is 1011100111 (base 3) in base 15?
6b8a
What is -250450 (base 6) in base 2?
-101011010111110
What is -4420 (base 10) in base 4?
-1011010
3254 (base 6) to base 16
2f2
Convert -323 (base 12) to base 14.
-24b
Convert 100001110100101 (base 2) to base 13.
7b61
What is 13013 (base 10) in base 6?
140125
Convert 647 (base 15) to base 12.
9a1
-422c (base 13) to base 12
-5378
What is 399 (base 14) in base 15?
333
-1b6 (base 12) to base 6
-1150
1414113 (base 5) to base 13
10437
What is -8c5b (base 15) in base 12?
-152a2
Convert 419 (base 10) to base 2.
110100011
What is -2d47 (base 14) in base 16?
-1fa3
-1308 (base 13) to base 14
-dba
What is -10111010001 (base 2) in base 3?
-2001011
What is 7e (base 15) in base 5?
434
Convert -10011010001011 (base 2) to base 16.
-268b
What is 28a (base 16) in base 7?
1616
Convert -12342 (base 5) to base 7.
-2556
Convert -14720 (base 9) to base 14.
-394a
-10414 (base 6) to base 16
-5aa
What is 386 (base 14) in base 6?
3134
Convert -1001100110010 (base 2) to base 14.
-1b10
-1444 (base 11) to base 14
-971
Convert 3424 (base 8) to base 16.
714
What is 27e (base 16) in base 13?
3a1
Convert 2dda (base 15) to base 6.
113424
15150 (base 7) to base 14
1760
What is -13123 (base 5) in base 10?
-1038
-22e (base 15) to base 3
-200022
a69a (base 13) to base 9
34628
Convert 145 (base 7) to base 5.
312
Convert -1663 (base 7) to base 4.
-22222
Convert 131010 (base 5) to base 12.
2b76
Convert 920 (base 10) to base 6.
4132
2245 (base 13) to base 7
16651
Convert a96a (base 11) to base 12.
8463
What is -4d20 (base 15) in base 10?
-16455
6010 (base 11) to base 13
3842
Convert -14001 (base 6) to base 9.
-2861
100101011000 (base 2) to base 14
c2c
What is -3726 (base 12) in base 9?
-8473
What is 420 (base 8) in base 11?
228
What is -200333 (base 4) in base 8?
-4077
Convert -434 (base 13) to base 16.
-2cf
What is e39a (base 16) in base 3?
2221221000
What is 20142 (base 6) in base 10?
2654
2214 (base 5) to base 12
219
What is -1143311 (base 5) in base 12?
-1068a
Convert 2261 (base 7) to base 8.
1473
Convert -31737 (base 8) to base 14.
-4ba7
4167 (base 8) to base 9
2867
What is 93a (base 15) in base 7?
6031
Convert 101312 (base 4) to base 5.
14032
Convert -42c (base 16) to base 3.
-1110120
Convert -67033 (base 8) to base 3.
-1102122222
-5a5 (base 12) to base 14
-445
Convert -1196 (base 14) to base 9.
-4183
-1235 (base 7) to base 10
-467
What is -885 (base 9) in base 3?
-222212
Convert 4852 (base 12) to base 9.
12128
Convert -46d (base 16) to base 15.
-508
1001011001110 (base 2) to base 4
1023032
What is a8 (base 13) in base 7?
255
Convert -2022013 (base 4) to base 11.
-6706
Convert -376 (base 13) to base 15.
-2a4
What is -408c (base 14) in base 4?
-2231130
What is 15549 (base 14) in base 15?
10b56
11021222 (base 3) to base 5
100011
Convert 111102122 (base 3) to base 15.
2d7b
Convert -3211 (base 7) to base 15.
-50a
Convert -431 (base 11) to base 13.
-30b
20770 (base 8) to base 2
10000111111000
12022 (base 9) to base 3
102000202
914 (base 11) to base 10
1104
What is 101250 (base 6) in base 13?
38b8
Convert 11100000111 (base 2) to base 5.
24144
What is -3411 (base 5) in base 10?
-481
What is -146d (base 14) in base 8?
-7051
Convert 30221 (base 5) to base 2.
11110010000
-a979 (base 11) to base 2
-11100010010101
Convert -4366 (base 13) to base 12.
-5517
106125 (base 8) to 